{"id":4,"date":"2025-06-27T01:03:59","date_gmt":"2025-06-27T01:03:59","guid":{"rendered":"https:\/\/hotpink-tapir-408631.hostingersite.com\/home\/"},"modified":"2025-10-02T17:07:57","modified_gmt":"2025-10-02T17:07:57","slug":"home","status":"publish","type":"page","link":"https:\/\/igreenenergysunil.com.br\/blog\/","title":{"rendered":"Home"},"content":{"rendered":"\t\t<div data-elementor-type=\"wp-page\" data-elementor-id=\"4\" class=\"elementor elementor-4\" data-elementor-post-type=\"page\">\n\t\t\t\t\t\t<section class=\"elementor-section elementor-top-section elementor-element elementor-element-e40d132 elementor-section-boxed elementor-section-height-default elementor-section-height-default\" data-id=\"e40d132\" data-element_type=\"section\">\n\t\t\t\t\t\t<div class=\"elementor-container elementor-column-gap-default\">\n\t\t\t\t\t<div class=\"elementor-column elementor-col-100 elementor-top-column elementor-element elementor-element-242b736\" data-id=\"242b736\" data-element_type=\"column\">\n\t\t\t<div class=\"elementor-widget-wrap elementor-element-populated\">\n\t\t\t\t\t\t<div class=\"elementor-element elementor-element-888f4ab elementor-widget elementor-widget-heading\" data-id=\"888f4ab\" data-element_type=\"widget\" data-widget_type=\"heading.default\">\n\t\t\t\t<div class=\"elementor-widget-container\">\n\t\t\t\t\t<h2 class=\"elementor-heading-title elementor-size-default\">\u00daltimas postagens<\/h2>\t\t\t\t<\/div>\n\t\t\t\t<\/div>\n\t\t\t\t<div class=\"elementor-element elementor-element-2230aa2 elementor-grid-3 elementor-grid-tablet-2 elementor-grid-mobile-1 elementor-posts--thumbnail-top elementor-card-shadow-yes elementor-posts__hover-gradient elementor-widget elementor-widget-posts\" data-id=\"2230aa2\" data-element_type=\"widget\" data-settings=\"{&quot;pagination_type&quot;:&quot;numbers&quot;,&quot;cards_columns&quot;:&quot;3&quot;,&quot;cards_columns_tablet&quot;:&quot;2&quot;,&quot;cards_columns_mobile&quot;:&quot;1&quot;,&quot;cards_row_gap&quot;:{&quot;unit&quot;:&quot;px&quot;,&quot;size&quot;:35,&quot;sizes&quot;:[]},&quot;cards_row_gap_tablet&quot;:{&quot;unit&quot;:&quot;px&quot;,&quot;size&quot;:&quot;&quot;,&quot;sizes&quot;:[]},&quot;cards_row_gap_mobile&quot;:{&quot;unit&quot;:&quot;px&quot;,&quot;size&quot;:&quot;&quot;,&quot;sizes&quot;:[]}}\" data-widget_type=\"posts.cards\">\n\t\t\t\t<div class=\"elementor-widget-container\">\n\t\t\t\t\t\t\t<div class=\"elementor-posts-container elementor-posts elementor-posts--skin-cards elementor-grid\">\n\t\t\t\t<article class=\"elementor-post elementor-grid-item post-171 post type-post status-publish format-standard has-post-thumbnail hentry category-uncategorized\">\n\t\t\t<div class=\"elementor-post__card\">\n\t\t\t\t<a class=\"elementor-post__thumbnail__link\" href=\"https:\/\/igreenenergysunil.com.br\/blog\/oportunidade-no-para-como-se-tornar-um-associado-igreen-energy-e-gerar-renda-com-energia-solar\/\" tabindex=\"-1\" ><div class=\"elementor-post__thumbnail\"><img fetchpriority=\"high\" decoding=\"async\" width=\"800\" height=\"800\" src=\"https:\/\/igreenenergysunil.com.br\/blog\/wp-content\/uploads\/2025\/10\/post08.png\" class=\"attachment-large size-large wp-image-177\" alt=\"\" srcset=\"https:\/\/igreenenergysunil.com.br\/blog\/wp-content\/uploads\/2025\/10\/post08.png 939w, https:\/\/igreenenergysunil.com.br\/blog\/wp-content\/uploads\/2025\/10\/post08-300x300.png 300w, https:\/\/igreenenergysunil.com.br\/blog\/wp-content\/uploads\/2025\/10\/post08-150x150.png 150w, https:\/\/igreenenergysunil.com.br\/blog\/wp-content\/uploads\/2025\/10\/post08-768x768.png 768w\" sizes=\"(max-width: 800px) 100vw, 800px\" \/><\/div><\/a>\n\t\t\t\t<div class=\"elementor-post__text\">\n\t\t\t\t<h3 class=\"elementor-post__title\">\n\t\t\t<a href=\"https:\/\/igreenenergysunil.com.br\/blog\/oportunidade-no-para-como-se-tornar-um-associado-igreen-energy-e-gerar-renda-com-energia-solar\/\" >\n\t\t\t\tOportunidade no Par\u00e1: Como se Tornar um Associado iGreen Energy e Gerar Renda com Energia Solar\t\t\t<\/a>\n\t\t<\/h3>\n\t\t\t\t<div class=\"elementor-post__excerpt\">\n\t\t\t<p>A transi\u00e7\u00e3o para a energia limpa n\u00e3o \u00e9 apenas uma mudan\u00e7a ambiental; \u00e9 uma das maiores oportunidades de neg\u00f3cio do s\u00e9culo. E se, al\u00e9m de<\/p>\n\t\t<\/div>\n\t\t\n\t\t<a class=\"elementor-post__read-more\" href=\"https:\/\/igreenenergysunil.com.br\/blog\/oportunidade-no-para-como-se-tornar-um-associado-igreen-energy-e-gerar-renda-com-energia-solar\/\" aria-label=\"Read more about Oportunidade no Par\u00e1: Como se Tornar um Associado iGreen Energy e Gerar Renda com Energia Solar\" tabindex=\"-1\" >\n\t\t\tLeia mais \u00bb\t\t<\/a>\n\n\t\t\t\t<\/div>\n\t\t\t\t<div class=\"elementor-post__meta-data\">\n\t\t\t\t\t<span class=\"elementor-post-date\">\n\t\t\toutubro 2, 2025\t\t<\/span>\n\t\t\t\t<\/div>\n\t\t\t\t\t<\/div>\n\t\t<\/article>\n\t\t\t\t<article class=\"elementor-post elementor-grid-item post-169 post type-post status-publish format-standard has-post-thumbnail hentry category-uncategorized\">\n\t\t\t<div class=\"elementor-post__card\">\n\t\t\t\t<a class=\"elementor-post__thumbnail__link\" href=\"https:\/\/igreenenergysunil.com.br\/blog\/qual-o-valor-da-assinatura-igreen-energy-entenda-o-calculo-e-a-previsao-de-economia\/\" tabindex=\"-1\" ><div class=\"elementor-post__thumbnail\"><img decoding=\"async\" width=\"800\" height=\"678\" src=\"https:\/\/igreenenergysunil.com.br\/blog\/wp-content\/uploads\/2025\/10\/post07.png\" class=\"attachment-large size-large wp-image-176\" alt=\"\" srcset=\"https:\/\/igreenenergysunil.com.br\/blog\/wp-content\/uploads\/2025\/10\/post07.png 1009w, https:\/\/igreenenergysunil.com.br\/blog\/wp-content\/uploads\/2025\/10\/post07-300x254.png 300w, https:\/\/igreenenergysunil.com.br\/blog\/wp-content\/uploads\/2025\/10\/post07-768x651.png 768w\" sizes=\"(max-width: 800px) 100vw, 800px\" \/><\/div><\/a>\n\t\t\t\t<div class=\"elementor-post__text\">\n\t\t\t\t<h3 class=\"elementor-post__title\">\n\t\t\t<a href=\"https:\/\/igreenenergysunil.com.br\/blog\/qual-o-valor-da-assinatura-igreen-energy-entenda-o-calculo-e-a-previsao-de-economia\/\" >\n\t\t\t\tQual o Valor da Assinatura iGreen Energy? Entenda o C\u00e1lculo e a Previs\u00e3o de Economia\t\t\t<\/a>\n\t\t<\/h3>\n\t\t\t\t<div class=\"elementor-post__excerpt\">\n\t\t\t<p>Uma das primeiras perguntas de quem se interessa pela energia por assinatura \u00e9, naturalmente: &#8220;Ok, mas quanto custa?&#8221;. \u00c9 fundamental esclarecer que o modelo da<\/p>\n\t\t<\/div>\n\t\t\n\t\t<a class=\"elementor-post__read-more\" href=\"https:\/\/igreenenergysunil.com.br\/blog\/qual-o-valor-da-assinatura-igreen-energy-entenda-o-calculo-e-a-previsao-de-economia\/\" aria-label=\"Read more about Qual o Valor da Assinatura iGreen Energy? Entenda o C\u00e1lculo e a Previs\u00e3o de Economia\" tabindex=\"-1\" >\n\t\t\tLeia mais \u00bb\t\t<\/a>\n\n\t\t\t\t<\/div>\n\t\t\t\t<div class=\"elementor-post__meta-data\">\n\t\t\t\t\t<span class=\"elementor-post-date\">\n\t\t\toutubro 2, 2025\t\t<\/span>\n\t\t\t\t<\/div>\n\t\t\t\t\t<\/div>\n\t\t<\/article>\n\t\t\t\t<article class=\"elementor-post elementor-grid-item post-166 post type-post status-publish format-standard has-post-thumbnail hentry category-uncategorized\">\n\t\t\t<div class=\"elementor-post__card\">\n\t\t\t\t<a class=\"elementor-post__thumbnail__link\" href=\"https:\/\/igreenenergysunil.com.br\/blog\/analise-completa-igreen-energy-e-confiavel-entenda-o-modelo-de-licenciados\/\" tabindex=\"-1\" ><div class=\"elementor-post__thumbnail\"><img decoding=\"async\" width=\"800\" height=\"752\" src=\"https:\/\/igreenenergysunil.com.br\/blog\/wp-content\/uploads\/2025\/10\/post05.png\" class=\"attachment-large size-large wp-image-175\" alt=\"\" srcset=\"https:\/\/igreenenergysunil.com.br\/blog\/wp-content\/uploads\/2025\/10\/post05.png 914w, https:\/\/igreenenergysunil.com.br\/blog\/wp-content\/uploads\/2025\/10\/post05-300x282.png 300w, https:\/\/igreenenergysunil.com.br\/blog\/wp-content\/uploads\/2025\/10\/post05-768x722.png 768w\" sizes=\"(max-width: 800px) 100vw, 800px\" \/><\/div><\/a>\n\t\t\t\t<div class=\"elementor-post__text\">\n\t\t\t\t<h3 class=\"elementor-post__title\">\n\t\t\t<a href=\"https:\/\/igreenenergysunil.com.br\/blog\/analise-completa-igreen-energy-e-confiavel-entenda-o-modelo-de-licenciados\/\" >\n\t\t\t\tAn\u00e1lise Completa: iGreen Energy \u00e9 Confi\u00e1vel? Entenda o Modelo de Licenciados\t\t\t<\/a>\n\t\t<\/h3>\n\t\t\t\t<div class=\"elementor-post__excerpt\">\n\t\t\t<p>Ao considerar um novo servi\u00e7o, especialmente um que mexe com algo t\u00e3o essencial quanto a sua conta de luz, a pergunta mais importante \u00e9: &#8220;Essa<\/p>\n\t\t<\/div>\n\t\t\n\t\t<a class=\"elementor-post__read-more\" href=\"https:\/\/igreenenergysunil.com.br\/blog\/analise-completa-igreen-energy-e-confiavel-entenda-o-modelo-de-licenciados\/\" aria-label=\"Read more about An\u00e1lise Completa: iGreen Energy \u00e9 Confi\u00e1vel? Entenda o Modelo de Licenciados\" tabindex=\"-1\" >\n\t\t\tLeia mais \u00bb\t\t<\/a>\n\n\t\t\t\t<\/div>\n\t\t\t\t<div class=\"elementor-post__meta-data\">\n\t\t\t\t\t<span class=\"elementor-post-date\">\n\t\t\toutubro 2, 2025\t\t<\/span>\n\t\t\t\t<\/div>\n\t\t\t\t\t<\/div>\n\t\t<\/article>\n\t\t\t\t<article class=\"elementor-post elementor-grid-item post-163 post type-post status-publish format-standard has-post-thumbnail hentry category-uncategorized\">\n\t\t\t<div class=\"elementor-post__card\">\n\t\t\t\t<a class=\"elementor-post__thumbnail__link\" href=\"https:\/\/igreenenergysunil.com.br\/blog\/5-mitos-sobre-a-energia-solar-por-assinatura-que-te-impedem-de-economizar\/\" tabindex=\"-1\" ><div class=\"elementor-post__thumbnail\"><img loading=\"lazy\" decoding=\"async\" width=\"800\" height=\"800\" src=\"https:\/\/igreenenergysunil.com.br\/blog\/wp-content\/uploads\/2025\/10\/post3.png\" class=\"attachment-large size-large wp-image-179\" alt=\"\" srcset=\"https:\/\/igreenenergysunil.com.br\/blog\/wp-content\/uploads\/2025\/10\/post3.png 1024w, https:\/\/igreenenergysunil.com.br\/blog\/wp-content\/uploads\/2025\/10\/post3-300x300.png 300w, https:\/\/igreenenergysunil.com.br\/blog\/wp-content\/uploads\/2025\/10\/post3-150x150.png 150w, https:\/\/igreenenergysunil.com.br\/blog\/wp-content\/uploads\/2025\/10\/post3-768x768.png 768w\" sizes=\"(max-width: 800px) 100vw, 800px\" \/><\/div><\/a>\n\t\t\t\t<div class=\"elementor-post__text\">\n\t\t\t\t<h3 class=\"elementor-post__title\">\n\t\t\t<a href=\"https:\/\/igreenenergysunil.com.br\/blog\/5-mitos-sobre-a-energia-solar-por-assinatura-que-te-impedem-de-economizar\/\" >\n\t\t\t\t5 Mitos sobre a Energia Solar por Assinatura que te Impedem de Economizar\t\t\t<\/a>\n\t\t<\/h3>\n\t\t\t\t<div class=\"elementor-post__excerpt\">\n\t\t\t<p>Toda nova tecnologia que promete revolucionar nosso dia a dia vem acompanhada de d\u00favidas e, muitas vezes, de informa\u00e7\u00f5es equivocadas. Com a energia solar por<\/p>\n\t\t<\/div>\n\t\t\n\t\t<a class=\"elementor-post__read-more\" href=\"https:\/\/igreenenergysunil.com.br\/blog\/5-mitos-sobre-a-energia-solar-por-assinatura-que-te-impedem-de-economizar\/\" aria-label=\"Read more about 5 Mitos sobre a Energia Solar por Assinatura que te Impedem de Economizar\" tabindex=\"-1\" >\n\t\t\tLeia mais \u00bb\t\t<\/a>\n\n\t\t\t\t<\/div>\n\t\t\t\t<div class=\"elementor-post__meta-data\">\n\t\t\t\t\t<span class=\"elementor-post-date\">\n\t\t\toutubro 2, 2025\t\t<\/span>\n\t\t\t\t<\/div>\n\t\t\t\t\t<\/div>\n\t\t<\/article>\n\t\t\t\t<article class=\"elementor-post elementor-grid-item post-161 post type-post status-publish format-standard has-post-thumbnail hentry category-uncategorized\">\n\t\t\t<div class=\"elementor-post__card\">\n\t\t\t\t<a class=\"elementor-post__thumbnail__link\" href=\"https:\/\/igreenenergysunil.com.br\/blog\/lei-14-300-marco-legal-da-gd-o-que-realmente-muda-na-sua-conta-de-luz-no-para\/\" tabindex=\"-1\" ><div class=\"elementor-post__thumbnail\"><img loading=\"lazy\" decoding=\"async\" width=\"800\" height=\"826\" src=\"https:\/\/igreenenergysunil.com.br\/blog\/wp-content\/uploads\/2025\/10\/post2.png\" class=\"attachment-large size-large wp-image-178\" alt=\"\" srcset=\"https:\/\/igreenenergysunil.com.br\/blog\/wp-content\/uploads\/2025\/10\/post2.png 934w, https:\/\/igreenenergysunil.com.br\/blog\/wp-content\/uploads\/2025\/10\/post2-291x300.png 291w, https:\/\/igreenenergysunil.com.br\/blog\/wp-content\/uploads\/2025\/10\/post2-768x793.png 768w\" sizes=\"(max-width: 800px) 100vw, 800px\" \/><\/div><\/a>\n\t\t\t\t<div class=\"elementor-post__text\">\n\t\t\t\t<h3 class=\"elementor-post__title\">\n\t\t\t<a href=\"https:\/\/igreenenergysunil.com.br\/blog\/lei-14-300-marco-legal-da-gd-o-que-realmente-muda-na-sua-conta-de-luz-no-para\/\" >\n\t\t\t\tLei 14.300 (Marco Legal da GD): O que Realmente Muda na Sua Conta de Luz no Par\u00e1?\t\t\t<\/a>\n\t\t<\/h3>\n\t\t\t\t<div class=\"elementor-post__excerpt\">\n\t\t\t<p>Nos \u00faltimos anos, voc\u00ea provavelmente ouviu not\u00edcias sobre a &#8220;taxa\u00e7\u00e3o do sol&#8221;. Esse termo, embora popular, gerou muita confus\u00e3o e deixou consumidores paraenses em d\u00favida:<\/p>\n\t\t<\/div>\n\t\t\n\t\t<a class=\"elementor-post__read-more\" href=\"https:\/\/igreenenergysunil.com.br\/blog\/lei-14-300-marco-legal-da-gd-o-que-realmente-muda-na-sua-conta-de-luz-no-para\/\" aria-label=\"Read more about Lei 14.300 (Marco Legal da GD): O que Realmente Muda na Sua Conta de Luz no Par\u00e1?\" tabindex=\"-1\" >\n\t\t\tLeia mais \u00bb\t\t<\/a>\n\n\t\t\t\t<\/div>\n\t\t\t\t<div class=\"elementor-post__meta-data\">\n\t\t\t\t\t<span class=\"elementor-post-date\">\n\t\t\toutubro 2, 2025\t\t<\/span>\n\t\t\t\t<\/div>\n\t\t\t\t\t<\/div>\n\t\t<\/article>\n\t\t\t\t<article class=\"elementor-post elementor-grid-item post-156 post type-post status-publish format-standard has-post-thumbnail hentry category-uncategorized\">\n\t\t\t<div class=\"elementor-post__card\">\n\t\t\t\t<a class=\"elementor-post__thumbnail__link\" href=\"https:\/\/igreenenergysunil.com.br\/blog\/como-reduzir-sua-conta-da-equatorial-para-o-passo-a-passo-para-contratar-a-igreen-energy\/\" tabindex=\"-1\" ><div class=\"elementor-post__thumbnail\"><img loading=\"lazy\" decoding=\"async\" width=\"800\" height=\"681\" src=\"https:\/\/igreenenergysunil.com.br\/blog\/wp-content\/uploads\/2025\/10\/post06.png\" class=\"attachment-large size-large wp-image-174\" alt=\"\" srcset=\"https:\/\/igreenenergysunil.com.br\/blog\/wp-content\/uploads\/2025\/10\/post06.png 1024w, https:\/\/igreenenergysunil.com.br\/blog\/wp-content\/uploads\/2025\/10\/post06-300x255.png 300w, https:\/\/igreenenergysunil.com.br\/blog\/wp-content\/uploads\/2025\/10\/post06-768x654.png 768w\" sizes=\"(max-width: 800px) 100vw, 800px\" \/><\/div><\/a>\n\t\t\t\t<div class=\"elementor-post__text\">\n\t\t\t\t<h3 class=\"elementor-post__title\">\n\t\t\t<a href=\"https:\/\/igreenenergysunil.com.br\/blog\/como-reduzir-sua-conta-da-equatorial-para-o-passo-a-passo-para-contratar-a-igreen-energy\/\" >\n\t\t\t\tComo Reduzir sua Conta da Equatorial Par\u00e1: O Passo a Passo para Contratar a iGreen Energy\t\t\t<\/a>\n\t\t<\/h3>\n\t\t\t\t<div class=\"elementor-post__excerpt\">\n\t\t\t<p>Sua conta da Equatorial Par\u00e1 est\u00e1 alta demais? Se voc\u00ea j\u00e1 entendeu os benef\u00edcios da energia solar por assinatura e est\u00e1 pronto para agir, este<\/p>\n\t\t<\/div>\n\t\t\n\t\t<a class=\"elementor-post__read-more\" href=\"https:\/\/igreenenergysunil.com.br\/blog\/como-reduzir-sua-conta-da-equatorial-para-o-passo-a-passo-para-contratar-a-igreen-energy\/\" aria-label=\"Read more about Como Reduzir sua Conta da Equatorial Par\u00e1: O Passo a Passo para Contratar a iGreen Energy\" tabindex=\"-1\" >\n\t\t\tLeia mais \u00bb\t\t<\/a>\n\n\t\t\t\t<\/div>\n\t\t\t\t<div class=\"elementor-post__meta-data\">\n\t\t\t\t\t<span class=\"elementor-post-date\">\n\t\t\toutubro 2, 2025\t\t<\/span>\n\t\t\t\t<\/div>\n\t\t\t\t\t<\/div>\n\t\t<\/article>\n\t\t\t\t<article class=\"elementor-post elementor-grid-item post-154 post type-post status-publish format-standard has-post-thumbnail hentry category-uncategorized\">\n\t\t\t<div class=\"elementor-post__card\">\n\t\t\t\t<a class=\"elementor-post__thumbnail__link\" href=\"https:\/\/igreenenergysunil.com.br\/blog\/placa-solar-no-telhado-ou-assinatura-de-energia-qual-a-melhor-opcao-para-uma-casa-em-santarem\/\" tabindex=\"-1\" ><div class=\"elementor-post__thumbnail\"><img loading=\"lazy\" decoding=\"async\" width=\"800\" height=\"733\" src=\"https:\/\/igreenenergysunil.com.br\/blog\/wp-content\/uploads\/2025\/10\/post04.png\" class=\"attachment-large size-large wp-image-173\" alt=\"\" srcset=\"https:\/\/igreenenergysunil.com.br\/blog\/wp-content\/uploads\/2025\/10\/post04.png 1024w, https:\/\/igreenenergysunil.com.br\/blog\/wp-content\/uploads\/2025\/10\/post04-300x275.png 300w, https:\/\/igreenenergysunil.com.br\/blog\/wp-content\/uploads\/2025\/10\/post04-768x704.png 768w\" sizes=\"(max-width: 800px) 100vw, 800px\" \/><\/div><\/a>\n\t\t\t\t<div class=\"elementor-post__text\">\n\t\t\t\t<h3 class=\"elementor-post__title\">\n\t\t\t<a href=\"https:\/\/igreenenergysunil.com.br\/blog\/placa-solar-no-telhado-ou-assinatura-de-energia-qual-a-melhor-opcao-para-uma-casa-em-santarem\/\" >\n\t\t\t\tPlaca Solar no Telhado ou Assinatura de Energia? Qual a Melhor Op\u00e7\u00e3o para uma Casa em Santar\u00e9m?\t\t\t<\/a>\n\t\t<\/h3>\n\t\t\t\t<div class=\"elementor-post__excerpt\">\n\t\t\t<p>Santar\u00e9m, a &#8220;P\u00e9rola do Tapaj\u00f3s&#8221;, \u00e9 uma cidade aben\u00e7oada com um imenso potencial solar. Estudos cient\u00edficos confirmam que a regi\u00e3o possui uma alta incid\u00eancia de<\/p>\n\t\t<\/div>\n\t\t\n\t\t<a class=\"elementor-post__read-more\" href=\"https:\/\/igreenenergysunil.com.br\/blog\/placa-solar-no-telhado-ou-assinatura-de-energia-qual-a-melhor-opcao-para-uma-casa-em-santarem\/\" aria-label=\"Read more about Placa Solar no Telhado ou Assinatura de Energia? Qual a Melhor Op\u00e7\u00e3o para uma Casa em Santar\u00e9m?\" tabindex=\"-1\" >\n\t\t\tLeia mais \u00bb\t\t<\/a>\n\n\t\t\t\t<\/div>\n\t\t\t\t<div class=\"elementor-post__meta-data\">\n\t\t\t\t\t<span class=\"elementor-post-date\">\n\t\t\toutubro 2, 2025\t\t<\/span>\n\t\t\t\t<\/div>\n\t\t\t\t\t<\/div>\n\t\t<\/article>\n\t\t\t\t<article class=\"elementor-post elementor-grid-item post-152 post type-post status-publish format-standard has-post-thumbnail hentry category-uncategorized\">\n\t\t\t<div class=\"elementor-post__card\">\n\t\t\t\t<a class=\"elementor-post__thumbnail__link\" href=\"https:\/\/igreenenergysunil.com.br\/blog\/como-funciona-a-energia-solar-por-assinatura-descomplicado-para-o-paraense\/\" tabindex=\"-1\" ><div class=\"elementor-post__thumbnail\"><img loading=\"lazy\" decoding=\"async\" width=\"800\" height=\"800\" src=\"https:\/\/igreenenergysunil.com.br\/blog\/wp-content\/uploads\/2025\/10\/post01.png\" class=\"attachment-large size-large wp-image-158\" alt=\"\" srcset=\"https:\/\/igreenenergysunil.com.br\/blog\/wp-content\/uploads\/2025\/10\/post01.png 1024w, https:\/\/igreenenergysunil.com.br\/blog\/wp-content\/uploads\/2025\/10\/post01-300x300.png 300w, https:\/\/igreenenergysunil.com.br\/blog\/wp-content\/uploads\/2025\/10\/post01-150x150.png 150w, https:\/\/igreenenergysunil.com.br\/blog\/wp-content\/uploads\/2025\/10\/post01-768x768.png 768w\" sizes=\"(max-width: 800px) 100vw, 800px\" \/><\/div><\/a>\n\t\t\t\t<div class=\"elementor-post__text\">\n\t\t\t\t<h3 class=\"elementor-post__title\">\n\t\t\t<a href=\"https:\/\/igreenenergysunil.com.br\/blog\/como-funciona-a-energia-solar-por-assinatura-descomplicado-para-o-paraense\/\" >\n\t\t\t\tComo Funciona a Energia Solar por Assinatura? (Descomplicado para o Paraense)\t\t\t<\/a>\n\t\t<\/h3>\n\t\t\t\t<div class=\"elementor-post__excerpt\">\n\t\t\t<p>Voc\u00ea, morador do Par\u00e1, j\u00e1 olhou para a sua conta da Equatorial e pensou que precisa existir uma forma mais inteligente de lidar com esse<\/p>\n\t\t<\/div>\n\t\t\n\t\t<a class=\"elementor-post__read-more\" href=\"https:\/\/igreenenergysunil.com.br\/blog\/como-funciona-a-energia-solar-por-assinatura-descomplicado-para-o-paraense\/\" aria-label=\"Read more about Como Funciona a Energia Solar por Assinatura? (Descomplicado para o Paraense)\" tabindex=\"-1\" >\n\t\t\tLeia mais \u00bb\t\t<\/a>\n\n\t\t\t\t<\/div>\n\t\t\t\t<div class=\"elementor-post__meta-data\">\n\t\t\t\t\t<span class=\"elementor-post-date\">\n\t\t\toutubro 2, 2025\t\t<\/span>\n\t\t\t\t<\/div>\n\t\t\t\t\t<\/div>\n\t\t<\/article>\n\t\t\t\t<article class=\"elementor-post elementor-grid-item post-118 post type-post status-publish format-standard has-post-thumbnail hentry category-uncategorized\">\n\t\t\t<div class=\"elementor-post__card\">\n\t\t\t\t<a class=\"elementor-post__thumbnail__link\" href=\"https:\/\/igreenenergysunil.com.br\/blog\/energia-solar-por-assinatura-no-para-o-guia-definitivo-para-economizar-na-conta-da-equatorial-em-2025\/\" tabindex=\"-1\" ><div class=\"elementor-post__thumbnail\"><img loading=\"lazy\" decoding=\"async\" width=\"800\" height=\"800\" src=\"https:\/\/igreenenergysunil.com.br\/blog\/wp-content\/uploads\/2025\/10\/postsunil.png\" class=\"attachment-large size-large wp-image-146\" alt=\"\" srcset=\"https:\/\/igreenenergysunil.com.br\/blog\/wp-content\/uploads\/2025\/10\/postsunil.png 1024w, https:\/\/igreenenergysunil.com.br\/blog\/wp-content\/uploads\/2025\/10\/postsunil-300x300.png 300w, https:\/\/igreenenergysunil.com.br\/blog\/wp-content\/uploads\/2025\/10\/postsunil-150x150.png 150w, https:\/\/igreenenergysunil.com.br\/blog\/wp-content\/uploads\/2025\/10\/postsunil-768x768.png 768w\" sizes=\"(max-width: 800px) 100vw, 800px\" \/><\/div><\/a>\n\t\t\t\t<div class=\"elementor-post__text\">\n\t\t\t\t<h3 class=\"elementor-post__title\">\n\t\t\t<a href=\"https:\/\/igreenenergysunil.com.br\/blog\/energia-solar-por-assinatura-no-para-o-guia-definitivo-para-economizar-na-conta-da-equatorial-em-2025\/\" >\n\t\t\t\tEnergia solar por assinatura no Par\u00e1: o guia definitivo para economizar na conta da Equatorial em 2025\t\t\t<\/a>\n\t\t<\/h3>\n\t\t\t\t<div class=\"elementor-post__excerpt\">\n\t\t\t<p>A solu\u00e7\u00e3o inteligente para a conta de luz que n\u00e3o para de subir no Par\u00e1 A conta de luz no Par\u00e1 n\u00e3o d\u00e1 tr\u00e9gua. Para<\/p>\n\t\t<\/div>\n\t\t\n\t\t<a class=\"elementor-post__read-more\" href=\"https:\/\/igreenenergysunil.com.br\/blog\/energia-solar-por-assinatura-no-para-o-guia-definitivo-para-economizar-na-conta-da-equatorial-em-2025\/\" aria-label=\"Read more about Energia solar por assinatura no Par\u00e1: o guia definitivo para economizar na conta da Equatorial em 2025\" tabindex=\"-1\" >\n\t\t\tLeia mais \u00bb\t\t<\/a>\n\n\t\t\t\t<\/div>\n\t\t\t\t<div class=\"elementor-post__meta-data\">\n\t\t\t\t\t<span class=\"elementor-post-date\">\n\t\t\toutubro 2, 2025\t\t<\/span>\n\t\t\t\t<\/div>\n\t\t\t\t\t<\/div>\n\t\t<\/article>\n\t\t\t\t<\/div>\n\t\t\n\t\t\t\t\t\t<\/div>\n\t\t\t\t<\/div>\n\t\t\t\t\t<\/div>\n\t\t<\/div>\n\t\t\t\t\t<\/div>\n\t\t<\/section>\n\t\t\t\t<section class=\"elementor-section elementor-top-section elementor-element elementor-element-30b6bab hero elementor-section-boxed elementor-section-height-default elementor-section-height-default\" data-id=\"30b6bab\" data-element_type=\"section\">\n\t\t\t\t\t\t<div class=\"elementor-container elementor-column-gap-default\">\n\t\t\t\t\t<div class=\"elementor-column elementor-col-100 elementor-top-column elementor-element elementor-element-5c959ce\" data-id=\"5c959ce\" data-element_type=\"column\">\n\t\t\t<div class=\"elementor-widget-wrap elementor-element-populated\">\n\t\t\t\t\t\t<div class=\"elementor-element elementor-element-21c15e0 titulo elementor-widget elementor-widget-heading\" data-id=\"21c15e0\" data-element_type=\"widget\" id=\"titulo\" color=\"white\" data-widget_type=\"heading.default\">\n\t\t\t\t<div class=\"elementor-widget-container\">\n\t\t\t\t\t<p class=\"elementor-heading-title elementor-size-default\">Pronto para Transformar Sua Conta de Luz em Economia?<\/p>\t\t\t\t<\/div>\n\t\t\t\t<\/div>\n\t\t\t\t<div class=\"elementor-element elementor-element-1fabf42 elementor-widget elementor-widget-heading\" data-id=\"1fabf42\" data-element_type=\"widget\" data-widget_type=\"heading.default\">\n\t\t\t\t<div class=\"elementor-widget-container\">\n\t\t\t\t\t<p class=\"elementor-heading-title elementor-size-default\">Junte-se a milhares de brasileiros que j\u00e1 est\u00e3o aproveitando os benef\u00edcios da energia solar por assinatura. \u00c9 a sua chance de economizar, ser sustent\u00e1vel e ter mais controle sobre suas finan\u00e7as.<\/p>\t\t\t\t<\/div>\n\t\t\t\t<\/div>\n\t\t\t\t<div class=\"elementor-element elementor-element-ea41808 elementor-align-center elementor-widget elementor-widget-button\" data-id=\"ea41808\" data-element_type=\"widget\" data-widget_type=\"button.default\">\n\t\t\t\t<div class=\"elementor-widget-container\">\n\t\t\t\t\t\t\t\t\t<div class=\"elementor-button-wrapper\">\n\t\t\t\t\t<a class=\"elementor-button elementor-button-link elementor-size-sm\" href=\"https:\/\/igreenenergysunil.com.br\/index.html#simulacao\">\n\t\t\t\t\t\t<span class=\"elementor-button-content-wrapper\">\n\t\t\t\t\t\t\t\t\t<span class=\"elementor-button-text\">Quero Minha Economia Agora!<\/span>\n\t\t\t\t\t<\/span>\n\t\t\t\t\t<\/a>\n\t\t\t\t<\/div>\n\t\t\t\t\t\t\t\t<\/div>\n\t\t\t\t<\/div>\n\t\t\t\t\t<\/div>\n\t\t<\/div>\n\t\t\t\t\t<\/div>\n\t\t<\/section>\n\t\t\t\t<\/div>\n\t\t","protected":false},"excerpt":{"rendered":"<p>\u00daltimas postagens Pronto para Transformar Sua Conta de Luz em Economia? Junte-se a milhares de brasileiros que j\u00e1 est\u00e3o aproveitando os benef\u00edcios da energia solar por assinatura. \u00c9 a sua chance de economizar, ser sustent\u00e1vel e ter mais controle sobre suas finan\u00e7as. Quero Minha Economia Agora!<\/p>\n","protected":false},"author":1,"featured_media":0,"parent":0,"menu_order":0,"comment_status":"closed","ping_status":"closed","template":"","meta":{"footnotes":""},"class_list":["post-4","page","type-page","status-publish","hentry"],"_links":{"self":[{"href":"https:\/\/igreenenergysunil.com.br\/blog\/wp-json\/wp\/v2\/pages\/4","targetHints":{"allow":["GET"]}}],"collection":[{"href":"https:\/\/igreenenergysunil.com.br\/blog\/wp-json\/wp\/v2\/pages"}],"about":[{"href":"https:\/\/igreenenergysunil.com.br\/blog\/wp-json\/wp\/v2\/types\/page"}],"author":[{"embeddable":true,"href":"https:\/\/igreenenergysunil.com.br\/blog\/wp-json\/wp\/v2\/users\/1"}],"replies":[{"embeddable":true,"href":"https:\/\/igreenenergysunil.com.br\/blog\/wp-json\/wp\/v2\/comments?post=4"}],"version-history":[{"count":57,"href":"https:\/\/igreenenergysunil.com.br\/blog\/wp-json\/wp\/v2\/pages\/4\/revisions"}],"predecessor-version":[{"id":182,"href":"https:\/\/igreenenergysunil.com.br\/blog\/wp-json\/wp\/v2\/pages\/4\/revisions\/182"}],"wp:attachment":[{"href":"https:\/\/igreenenergysunil.com.br\/blog\/wp-json\/wp\/v2\/media?parent=4"}],"curies":[{"name":"wp","href":"https:\/\/api.w.org\/{rel}","templated":true}]}}